{"id":5,"date":"2017-10-01T03:16:15","date_gmt":"2017-10-01T03:16:15","guid":{"rendered":"http:\/\/dziecko-utracone.dakasta.com\/home\/"},"modified":"2024-10-22T02:25:21","modified_gmt":"2024-10-22T02:25:21","slug":"home","status":"publish","type":"page","link":"https:\/\/dziecko-utracone.dakasta.com\/","title":{"rendered":"Home page"},"content":{"rendered":"<\/p>\n\n<!-- wp:themify-builder\/canvas \/-->","protected":false},"excerpt":{"rendered":"","protected":false},"author":1,"featured_media":0,"parent":0,"menu_order":0,"comment_status":"closed","ping_status":"closed","template":"","meta":{"content-type":"","om_disable_all_campaigns":false,"footnotes":""},"class_list":["post-5","page","type-page","status-publish","hentry","has-post-title","has-post-date","has-post-category","has-post-tag","has-post-comment","has-post-author",""],"builder_content":"<h5>Idea Dnia Dziecka Utraconego powsta\u0142a w roku 1988 i corocznie jest obchodzona na ca\u0142ym \u015bwiecie w miesi\u0105cu pa\u017adzierniku. Idea tego dnia powsta\u0142a z potrzeby serca, aby uhonorowa\u0107 dzieci najmniejsze, kt\u00f3re odesz\u0142y zanim jeszcze dane im by\u0142o si\u0119 urodzi\u0107, a tak\u017ce wszystkie inne dzieci, kt\u00f3rych odej\u015bcie pozostawi\u0142o po sobie b\u00f3l i smutek rodzic\u00f3w.<\/h5> <h5>Msze \u015awi\u0119te w intencji Dzieci Utraconych odbywaj\u0105 si\u0119 w r\u00f3\u017cnych polskich ko\u015bcio\u0142ach na wschodnim wybrze\u017cu USA. <\/h5> <h5>Je\u017celi chcesz zorganizowa\u0107 tak\u0105 Msz\u0119 w swojej parafii, to skontaktuj si\u0119 z nami telefonicznie lub wype\u0142niaj\u0105c formularz na dole tej strony.<\/h5>\n<img src=\"https:\/\/dziecko-utracone.dakasta.com\/wp-content\/uploads\/2024\/09\/Ksiega-Dzieci-Utraconych-Square.jpg\" title=\"Ksiega Dzieci Utraconych-Square\" alt=\"Ksiega Dzieci Utraconych-Square\" srcset=\"https:\/\/dziecko-utracone.dakasta.com\/wp-content\/uploads\/2024\/09\/Ksiega-Dzieci-Utraconych-Square.jpg 1200w, https:\/\/dziecko-utracone.dakasta.com\/wp-content\/uploads\/2024\/09\/Ksiega-Dzieci-Utraconych-Square-300x300.jpg 300w, https:\/\/dziecko-utracone.dakasta.com\/wp-content\/uploads\/2024\/09\/Ksiega-Dzieci-Utraconych-Square-1024x1024.jpg 1024w, https:\/\/dziecko-utracone.dakasta.com\/wp-content\/uploads\/2024\/09\/Ksiega-Dzieci-Utraconych-Square-150x150.jpg 150w, https:\/\/dziecko-utracone.dakasta.com\/wp-content\/uploads\/2024\/09\/Ksiega-Dzieci-Utraconych-Square-768x768.jpg 768w\" sizes=\"(max-width: 1200px) 100vw, 1200px\" \/>\n<h5>Na ka\u017cdej Mszy \u015awi\u0119tej po\u015bwi\u0119conej Dzieciom, kt\u00f3re odesz\u0142y - towarzyszy szczeg\u00f3lna Ksi\u0119ga. Jest to Ksi\u0119ga Dzieci Utraconych, w kt\u00f3rej znajduj\u0105 si\u0119 imiona dzieci zapisane przez rodzic\u00f3w, dziadk\u00f3w i przyjaci\u00f3\u0142. Zach\u0119camy do wpisania imienia swojego dziecka do tej Ksi\u0119gi, aby mie\u0107 pewno\u015b\u0107, \u017ce ka\u017cdego roku podczas Mszy \u015awi\u0119tej w dniu Dzieci Utraconych, ka\u017cde z tych dzieci b\u0119dzie otoczone szczeg\u00f3ln\u0105 modlitw\u0105. <\/h5> <h5>Nawet je\u015bli dziecko nie mia\u0142o nadanego oficjalnego imienia, mo\u017cna wpisa\u0107 imi\u0119 nadane przez rodzic\u00f3w w ciszy swojego serca.\u00a0<\/h5>\n<h3>Modlitwa za Dzieci Utracone \u00a0w 2024r. odb\u0119dzie si\u0119 w nast\u0119puj\u0105cych ko\u015bcio\u0142ach:<\/h3> <ul> <li> <h4>w niedziel\u0119, 13 pa\u017adziernika 2024 r. - O GODZINIE 7:00PM - PODCZAS MSZY \u015aW. W KO\u015aCIELE \u015aW. TERESY (Linden, NJ)<\/h4> <\/li> <li> <h4>w niedziel\u0119, 20 pa\u017adziernika 2024r. o godzinie 12:30pm - podczas Mszy \u015aw. w Ameryka\u0144skiej Cz\u0119stochowie (Doylestown, PA)\u00a0<\/h4> <\/li> <\/ul> <h5 style=\"text-align: center;\">Zapal \u015bwieczk\u0119 aby uczci\u0107 pami\u0119\u0107 dziecka, kt\u00f3re odesz\u0142o przedwcze\u015bnie. B\u0119dzie tak\u017ce mo\u017cliwo\u015b\u0107, aby wpisa\u0107 imiona zmar\u0142ych dzieci do Ksi\u0119gi Dzieci Utraconych. Zapraszamy wszystkich, kt\u00f3rzy chc\u0105 pomodli\u0107 si\u0119 za osieroconych rodzic\u00f3w.<\/h5>\n<h4 style=\"text-align: center;\">Pytania prosimy kierowa\u0107 na numer telefonu:<\/h4> <h3 style=\"text-align: center;\">201-281-6780<\/h3>\n<h2>Je\u015bli jeste\u015b mam\u0105 lub tat\u0105 dziecka, kt\u00f3re odesz\u0142o przed narodzeniem (na dowolnym etapie ci\u0105\u017cy) albo wkr\u00f3tce po przyj\u015bciu na \u015bwiat lub w starszym wieku - oddaj swoje cierpienie Panu Bogu.<\/h2>\n<h2 style=\"text-align: center;\">Niewa\u017cne jak d\u0142ugo bi\u0142o serduszko dziecka - kilka dni, tygodni czy miesi\u0119cy. Mo\u017ce odesz\u0142o przed narodzeniem, a mo\u017ce wkr\u00f3tce po przyj\u015bciu na \u015bwiat? Mo\u017ce by\u0142o starsze?<\/h2> <h2 style=\"text-align: center;\">Zapal \u015bwieczk\u0119 aby uczci\u0107 pami\u0119\u0107 dziecka, kt\u00f3re odesz\u0142o przedwcze\u015bnie.<\/h2> <h2 style=\"text-align: center;\">B\u0119dzie tak\u017ce mo\u017cliwo\u015b\u0107, aby wpisa\u0107 imiona zmar\u0142ych dzieci do Ksi\u0119gi Dzieci Utraconych.<\/h2> <h2 style=\"text-align: center;\">Zapraszamy te\u017c wszystkich, kt\u00f3rzy chc\u0105 pomodli\u0107 si\u0119 za osieroconych rodzic\u00f3w.<\/h2> <h1 style=\"text-align: center;\">Zapraszamy!<\/h1>","_links":{"self":[{"href":"https:\/\/dziecko-utracone.dakasta.com\/index.php?rest_route=\/wp\/v2\/pages\/5"}],"collection":[{"href":"https:\/\/dziecko-utracone.dakasta.com\/index.php?rest_route=\/wp\/v2\/pages"}],"about":[{"href":"https:\/\/dziecko-utracone.dakasta.com\/index.php?rest_route=\/wp\/v2\/types\/page"}],"author":[{"embeddable":true,"href":"https:\/\/dziecko-utracone.dakasta.com\/index.php?rest_route=\/wp\/v2\/users\/1"}],"replies":[{"embeddable":true,"href":"https:\/\/dziecko-utracone.dakasta.com\/index.php?rest_route=%2Fwp%2Fv2%2Fcomments&post=5"}],"version-history":[{"count":31,"href":"https:\/\/dziecko-utracone.dakasta.com\/index.php?rest_route=\/wp\/v2\/pages\/5\/revisions"}],"predecessor-version":[{"id":73,"href":"https:\/\/dziecko-utracone.dakasta.com\/index.php?rest_route=\/wp\/v2\/pages\/5\/revisions\/73"}],"wp:attachment":[{"href":"https:\/\/dziecko-utracone.dakasta.com\/index.php?rest_route=%2Fwp%2Fv2%2Fmedia&parent=5"}],"curies":[{"name":"wp","href":"https:\/\/api.w.org\/{rel}","templated":true}]}}

<h5>Idea Dnia Dziecka Utraconego powstała w roku 1988 i corocznie jest obchodzona na całym świecie w miesiącu październiku. Idea tego dnia powstała z potrzeby serca, aby uhonorować dzieci najmniejsze, które odeszły zanim jeszcze dane im było się urodzić, a także wszystkie inne dzieci, których odejście pozostawiło po sobie ból i smutek rodziców.</h5> <h5>Msze Święte w intencji Dzieci Utraconych odbywają się w różnych polskich kościołach na wschodnim wybrzeżu USA. </h5> <h5>Jeżeli chcesz zorganizować taką Mszę w swojej parafii, to skontaktuj się z nami telefonicznie lub wypełniając formularz na dole tej strony.</h5>
<img src="https://dziecko-utracone.dakasta.com/wp-content/uploads/2024/09/Ksiega-Dzieci-Utraconych-Square.jpg" title="Ksiega Dzieci Utraconych-Square" alt="Ksiega Dzieci Utraconych-Square" srcset="https://dziecko-utracone.dakasta.com/wp-content/uploads/2024/09/Ksiega-Dzieci-Utraconych-Square.jpg 1200w, https://dziecko-utracone.dakasta.com/wp-content/uploads/2024/09/Ksiega-Dzieci-Utraconych-Square-300x300.jpg 300w, https://dziecko-utracone.dakasta.com/wp-content/uploads/2024/09/Ksiega-Dzieci-Utraconych-Square-1024x1024.jpg 1024w, https://dziecko-utracone.dakasta.com/wp-content/uploads/2024/09/Ksiega-Dzieci-Utraconych-Square-150x150.jpg 150w, https://dziecko-utracone.dakasta.com/wp-content/uploads/2024/09/Ksiega-Dzieci-Utraconych-Square-768x768.jpg 768w" sizes="(max-width: 1200px) 100vw, 1200px" />
<h5>Na każdej Mszy Świętej poświęconej Dzieciom, które odeszły - towarzyszy szczególna Księga. Jest to Księga Dzieci Utraconych, w której znajdują się imiona dzieci zapisane przez rodziców, dziadków i przyjaciół. Zachęcamy do wpisania imienia swojego dziecka do tej Księgi, aby mieć pewność, że każdego roku podczas Mszy Świętej w dniu Dzieci Utraconych, każde z tych dzieci będzie otoczone szczególną modlitwą. </h5> <h5>Nawet jeśli dziecko nie miało nadanego oficjalnego imienia, można wpisać imię nadane przez rodziców w ciszy swojego serca. </h5>
<h3>Modlitwa za Dzieci Utracone  w 2024r. odbędzie się w następujących kościołach:</h3> <ul> <li> <h4>w niedzielę, 13 października 2024 r. - O GODZINIE 7:00PM - PODCZAS MSZY ŚW. W KOŚCIELE ŚW. TERESY (Linden, NJ)</h4> </li> <li> <h4>w niedzielę, 20 października 2024r. o godzinie 12:30pm - podczas Mszy Św. w Amerykańskiej Częstochowie (Doylestown, PA) </h4> </li> </ul> <h5 style="text-align: center;">Zapal świeczkę aby uczcić pamięć dziecka, które odeszło przedwcześnie. Będzie także możliwość, aby wpisać imiona zmarłych dzieci do Księgi Dzieci Utraconych. Zapraszamy wszystkich, którzy chcą pomodlić się za osieroconych rodziców.</h5>
<h4 style="text-align: center;">Pytania prosimy kierować na numer telefonu:</h4> <h3 style="text-align: center;">201-281-6780</h3>
<h2>Jeśli jesteś mamą lub tatą dziecka, które odeszło przed narodzeniem (na dowolnym etapie ciąży) albo wkrótce po przyjściu na świat lub w starszym wieku - oddaj swoje cierpienie Panu Bogu.</h2>
<h2 style="text-align: center;">Nieważne jak długo biło serduszko dziecka - kilka dni, tygodni czy miesięcy. Może odeszło przed narodzeniem, a może wkrótce po przyjściu na świat? Może było starsze?</h2> <h2 style="text-align: center;">Zapal świeczkę aby uczcić pamięć dziecka, które odeszło przedwcześnie.</h2> <h2 style="text-align: center;">Będzie także możliwość, aby wpisać imiona zmarłych dzieci do Księgi Dzieci Utraconych.</h2> <h2 style="text-align: center;">Zapraszamy też wszystkich, którzy chcą pomodlić się za osieroconych rodziców.</h2> <h1 style="text-align: center;">Zapraszamy!</h1>
